onvert -2e (base 16) to base 5.
-141
Convert -22 (base 3) to base 6.
-12
What is -100000000 (base 2) in base 13?
-169
Convert 0 (base 11) to base 4.
0
Convert -112 (base 6) to base 5.
-134
10 (base 3) to base 15
3
Convert -522 (base 7) to base 15.
-126
Convert 12032 (base 4) to base 11.
332
-203 (base 4) to base 15
-25
Convert 12 (base 8) to base 7.
13
What is 0 (base 2) in base 16?
0
What is 51 (base 8) in base 9?
45
Convert -2 (base 15) to base 10.
-2
-9 (base 10) to base 15
-9
165 (base 8) to base 15
7c
-147 (base 10) to base 13
-b4
-27 (base 10) to base 13
-21
-1 (base 7) to base 13
-1
-11 (base 8) to base 4
-21
Convert -19a (base 13) to base 15.
-14b
Convert 151 (base 10) to base 8.
227
30 (base 13) to base 4
213
What is -142 (base 5) in base 14?
-35
What is 22 (base 9) in base 12?
18
-100 (base 2) to base 3
-11
-4 (base 5) to base 9
-4
-66 (base 13) to base 6
-220
Convert -141 (base 8) to base 7.
-166
What is -10111 (base 2) in base 4?
-113
What is 0 (base 10) in base 2?
0
5 (base 14) to base 3
12
Convert -3 (base 14) to base 12.
-3
What is f (base 16) in base 13?
12
Convert 26 (base 12) to base 16.
1e
Convert 4 (base 11) to base 4.
10
Convert -8 (base 16) to base 7.
-11
Convert -101 (base 3) to base 11.
-a
Convert 9 (base 13) to base 16.
9
3 (base 9) to base 2
11
What is -57 (base 13) in base 7?
-132
Convert 321 (base 8) to base 5.
1314
-52 (base 9) to base 11
-43
4 (base 16) to base 7
4
-3 (base 14) to base 11
-3
Convert 2 (base 4) to base 3.
2
What is 15 (base 11) in base 4?
100
25 (base 8) to base 16
15
Convert -26 (base 7) to base 8.
-24
Convert -7 (base 8) to base 3.
-21
Convert 0 (base 11) to base 9.
0
Convert 11 (base 8) to base 16.
9
What is -7 (base 14) in base 7?
-10
1 (base 6) to base 4
1
-2 (base 15) to base 16
-2
3 (base 16) to base 3
10
What is 80 (base 16) in base 7?
242
What is -212 (base 3) in base 7?
-32
Convert -27 (base 9) to base 4.
-121
91 (base 13) to base 6
314
What is 4 (base 10) in base 14?
4
Convert 3 (base 6) to base 15.
3
What is 0 (base 13) in base 3?
0
Convert -9 (base 12) to base 14.
-9
-5 (base 10) to base 6
-5
Convert 2 (base 3) to base 6.
2
Convert -110110 (base 2) to base 15.
-39
What is -10 (base 7) in base 3?
-21
-1111 (base 2) to base 13
-12
Convert 2 (base 3) to base 7.
2
What is -4 (base 5) in base 14?
-4
Convert -9 (base 16) to base 4.
-21
-40 (base 14) to base 13
-44
What is 66 (base 11) in base 5?
242
What is 4 (base 15) in base 4?
10
What is 12 (base 14) in base 5?
31
1 (base 10) to base 14
1
-12 (base 15) to base 8
-21
-4 (base 9) to base 3
-11
Convert -2101 (base 4) to base 10.
-145
Convert 20 (base 14) to base 12.
24
Convert 1100 (base 2) to base 3.
110
Convert -2 (base 11) to base 2.
-10
What is -15 (base 10) in base 11?
-14
-31 (base 7) to base 4
-112
What is -11212 (base 3) in base 16?
-83
What is 12 (base 16) in base 13?
15
-6 (base 13) to base 2
-110
Convert -3 (base 10) to base 16.
-3
What is -30 (base 8) in base 5?
-44
What is 38 (base 13) in base 6?
115
0 (base 11) to base 12
0
151 (base 6) to base 10
67
What is 3102 (base 4) in base 8?
322
Convert 0 (base 5) to base 9.
0
What is 31 (base 8) in base 13?
1c
Convert -241 (base 7) to base 11.
-106
What is 1 (base 8) in base 12?
1
14 (base 11) to base 14
11
What is e (base 15) in base 10?
14
15 (base 8) to base 15
d
What is -303 (base 5) in base 2?
-1001110
Convert 10 (base 6) to base 9.
6
What is 18 (base 14) in base 11?
20
Convert 117 (base 11) to base 12.
b7
Convert -4 (base 12) to base 10.
-4
11 (base 5) to base 15
6
What is 10000 (base 2) in base 4?
100
3 (base 6) to base 11
3
Convert -2 (base 6) to base 3.
-2
What is -25 (base 8) in base 2?
-10101
-15 (base 8) to base 6
-21
What is 4 (base 7) in base 2?
100
What is -2 (base 10) in base 12?
-2
What is -117 (base 8) in base 14?
-59
What is 211 (base 3) in base 12?
1a
What is -16 (base 10) in base 13?
-13
2 (base 6) to base 10
2
What is 11 (base 4) in base 2?
101
4 (base 13) to base 6
4
Convert -171 (base 8) to base 4.
-1321
Convert -62 (base 15) to base 8.
-134
-b9 (base 12) to base 3
-12020
What is 0 (base 16) in base 13?
0
Convert -10 (base 12) to base 2.
-1100
Convert 5 (base 7) to base 3.
12
Convert -3 (base 7) to base 13.
-3
What is 2 (base 11) in base 16?
2
What is 110111 (base 2) in base 11?
50
What is 10 (base 4) in base 7?
4
-15 (base 10) to base 14
-11
-71 (base 10) to base 15
-4b
What is -5b (base 14) in base 9?
-100
What is 4 (base 7) in base 15?
4
What is 252 (base 7) in base 10?
135
What is -3 (base 9) in base 10?
-3
11011 (base 2) to base 3
1000
What is -70 (base 11) in base 10?
-77
-4 (base 11) to base 3
-11
-100 (base 6) to base 2
-100100
Convert 324 (base 7) to base 3.
20010
-214 (base 5) to base 4
-323
Convert 1 (base 9) to base 14.
1
24 (base 14) to base 11
2a
Convert 88 (base 14) to base 15.
80
What is 2 (base 14) in base 15?
2
Convert -86 (base 9) to base 4.
-1032
Convert 0 (base 8) to base 12.
0
131 (base 16) to base 9
368
Convert 1112 (base 3) to base 8.
51
20 (base 7) to base 15
e
What is -a (base 13) in base 7?
-13
13 (base 12) to base 7
21
122 (base 3) to base 7
23
Convert 10 (base 6) to base 3.
20
-f (base 16) to base 10
-15
What is -10 (base 2) in base 13?
-2
Convert 0 (base 10) to base 7.
0
What is 1121 (base 3) in base 12?
37
Convert -10 (base 2) to base 4.
-2
What is 14 (base 5) in base 2?
1001
What is 2 (base 14) in base 9?
2
Convert 1 (base 8) to base 3.
1
What is c (base 13) in base 4?
30
Convert -17 (base 10) to base 15.
-12
-1 (base 3) to base 2
-1
Convert 76 (base 14) to base 4.
1220
661 (base 8) to base 14
22d
2 (base 3) to base 14
2
Convert 5 (base 10) to base 2.
101
111 (base 2) to base 14
7
What is 2a (base 12) in base 14?
26
Convert -10 (base 2) to base 16.
-2
16 (base 9) to base 7
21
-3 (base 7) to base 14
-3
Convert -1 (base 11) to base 13.
-1
What is 36 (base 14) in base 9?
53
14 (base 16) to base 11
19
What is -5a (base 15) in base 5?
-320
What is -10 (base 2) in base 9?
-2
What is 76 (base 11) in base 13?
65
What is 13 (base 9) in base 6?
20
-2 (base 3) to base 11
-2
Convert 42 (base 13) to base 16.
36
What is 10 (base 11) in base 16?
b
30 (base 11) to base 12
29
-10000 (base 2) to base 5
-31
What is 2 (base 10) in base 7?
2
What is -9 (base 15) in base 14?
-9
-9 (base 12) to base 8
-11
Convert -3 (base 16) to base 13.
-3
Convert 0 (base 8) to base 14.
0
Convert -364 (base 7) to base 14.
-db
What is -1321 (base 6) in base 4?
-11101
Convert 15 (base 8) to base 11.
12
5 (base 14) to base 16
5
Convert -7 (base 11) to base 7.
-10
Convert c (base 16) to base 3.
110
Convert -1000101 (base 2) to base 10.
-69
Convert -10101 (base 3) to base 16.
-5b
Convert 44 (base 8) to base 16.
24
1010110 (base 2) to base 4
1112
Convert 120 (base 4) to base 8.
30
-28 (base 9) to base 14
-1c
Convert 112 (base 12) to base 6.
422
Convert 11212 (base 4) to base 7.
1021
21 (base 14) to base 6
45
0 (base 9) to base 6
0
What is -4 (base 15) in base 2?
-100
What is 1 (base 4) in base 8?
1
-1011 (base 2) to base 14
-b
-1 (base 16) to base 7
-1
4 (base 7) to base 12
4
Convert 3 (base 7) to base 8.
3
What is -2 (base 15) in base 8?
-2
What is -2 (base 8) in base 16?
-2
-5 (base 15) to base 11
-5
What is 1 (base 16) in base 7?
1
What is 7 (base 14) in base 9?
7
-1f (base 16) to base 7
-43
Convert -8 (base 15) to base 5.
-13
What is -2 (base 8) in base 5?
-2
Convert 2003 (base 4) to base 13.
a1
1101 (base 2) to base 11
12
-43 (base 8) to base 13
-29
21 (base 6) to base 3
111
Convert -3 (base 9) to base 14.
-3
Convert -165 (base 16) to base 9.
-436
Convert 12 (base 15) to base 2.
10001
189 (base 11) to base 16
da
What is 10 (base 11) in base 12?
b
Convert -31 (base 14) to base 15.
-2d
2 (base 16) to base 13
2
Convert -6 (base 15) to base 13.
-6
47 (base 8) to base 9
43
14 (base 5) to base 15
9
-11 (base 4) to base 8
-5
Convert -18 (base 11) to base 16.
-13
11 (base 5) to base 6
10
Convert -4 (base 16) to base 12.
-4
24 (base 13) to base 3
1010
What is -3e (base 15) in base 6?
-135
7 (base 14) to base 16
7
4a (base 12) to base 9
64
What is -1 (base 10) in base 8?
-1
Convert f (base 16) to base 9.
16
5 (base 12) to base 16
5
Convert -11000001 (base 2) to base 13.
-11b
What is -16 (base 7) in base 4?
-31
Convert -5 (base 6) to base 2.
-101
What is 1211 (base 3) in base